).
-12
Suppose 5*y = -16 + 71. Let n = y - 6. Let q(u) = 2*u - 6. Determine q(n).
4
Let c(f) be the first derivative of 1/24*f**4 - 3 - 2/3*f**3 + 0*f - 1/90*f**6 + 0*f**2 + 0*f**5. Let i(d) be the third derivative of c(d). What is i(-1)?
-3
Let b(u) = 9*u**3 + 7*u**2 - 5*u - 13. Let k(t) = 5*t**3 + 4*t**2 - 3*t - 7. Let f(j) = -4*b(j) + 7*k(j). Give f(3).
-27
Let p = 10 + -6. Let i be p/(-18) + 21/(-27). Let k be (i/(-2))/((-1)/6). Let w(q) = -3*q - 2. Determine w(k).
7
Let b(u) = u**3 - 3*u**2 - 3*u. Let n(c) = c**2 - 7*c - 4. Let i be n(8). Determine b(i).
4
Let s(m) = 3*m**3 + 2*m - 3*m**3 - 3*m**2 - m**3. Give s(-3).
-6
Suppose 3*y + 4*u = 3, 2*y + u + 9 = -2*y. Let z(w) = 0 + 5 - 3*w - 3 - 6. What is z(y)?
5
Suppose 0 = 5*j - 19 + 4. Let r(a) = a**2 - 2*a - 2*a**2 + 2*a**j + 3*a - 3*a + 1. Calculate r(2).
9
Let a(n) = 9*n**2 + 7*n + 9. Let z(u) = 5*u**2 + 4*u + 5. Let i(p) = -3*a(p) + 5*z(p). What is i(2)?
-12
Let d(b) be the second derivative of -7/2*b**2 + 1/6*b**3 + 0 - 5*b. Determine d(5).
-2
Let a(w) = 3*w + 4. Let z = -12 + 9. What is a(z)?
-5
Let q be (1/3)/(2/(-6)). Let l be q/(1 + 4/(-3)). Suppose -l*x - 3 + 0 = 0. Let t(a) = -2*a. Calculate t(x).
2
Let h(z) = -z**2 - 4*z. Let m be h(-4). Let n(l) = l**3 - 9*l**2 + 2. Let o be n(9). Let w(q) = -5 - o*q**2 + 0 - q + q**3 + q**2 + 0*q**2. Give w(m).
-5
Let f = 26 + -19. Suppose f*u - 3*u = 0. Let q(a) = -a**3 - a**2 + 7. What is q(u)?
7
Suppose 32 + 4 = 3*m. Let u be 2/6*m/1. Let w(s) = 3*s - 5. Determine w(u).
7
Let y(m) = -m - 1. Let z(i) = 5*i - 6. Let s(f) = -3*y(f) - z(f). Calculate s(7).
-5
Let r(t) = t. Let a(i) = i**2 + 3. Let f be a(4). Let g = f + -22. Determine r(g).
-3
Suppose -w + 2 = 4*s, -3*s - w = 2*w + 3. Let j(v) = -5*v**2 - 4*v + 6*v**2 - s + v - 3*v. Give j(6).
-1
Let f(j) = 2*j**2 - 8*j + j**3 + j + 6*j. Determine f(-2).
2
Let o be -1*(-3 - -2) + 1. Let c = 2 - -2. Let p(z) = 4 + o*z + c*z - 5*z + 5. Give p(0).
9
Let w(x) = 7*x**2 + 7*x**2 + 7 - x**3 - 8*x**2 - 2*x. Give w(6).
-5
Let t(h) = h + 6. Let d(i) = 5*i + 29. Let m(r) = -2*d(r) + 11*t(r). Give m(-6).
2
Let q(c) be the first derivative of -8*c - c**2 - 5 + 1/4*c**4 + 7/3*c**3. Determine q(-7).
6
Let t(d) = d**2 - 3*d. Let i(h) be the first derivative of h**2/2 - 2*h - 2. Let o be i(5). Calculate t(o).
0
Let b(x) = x**2 + 8*x + 9. Suppose 0 = 8*i - 7*i + 7. What is b(i)?
2
Let b(i) = 52*i + 3 + i**2 - i**2 - i**2 - 48*i. Suppose -3*h + 11 + 7 = 0. Calculate b(h).
-9
Let d be (12/(-10))/((-2)/10). Let h(l) = 2 + l**3 + 2 + 7*l - d*l - 3. Determine h(-1).
-1
Let p(z) = -15*z**3 + z - 1. Suppose s + 12 = -3*s. Let u be 2*(4 - 2) + s. Give p(u).
-15
Let f be 4/(-6) + 3/18*-8. Let c(v) be the second derivative of -v**3/2 + v**2/2 - 4*v. Determine c(f).
7
Suppose 5*w - 2*w - 6 = 0. Let x(h) be the second derivative of 0 - w*h - 5/6*h**3 + 0*h**2 - 1/12*h**4. What is x(-5)?
0
Let g(p) = -p + 3. Let o be (-8)/(-3) + 4/(-6). Suppose 2 = -m + o*m. Let a be g(m). Let y(f) = 8*f + 1. Calculate y(a).
9
Suppose 3*o - 4*o = 1. Suppose h + 3 = -n + 10, -n = -5*h + 11. Let t(u) = u**2 - n*u**2 + 1 + 7*u - 2*u - 3*u. Determine t(o).
-4
Let r(v) = -v**3 + 3*v**2 + v + 1. Let i be r(3). Let t = -1 + i. Let q(f) = 0 - 18*f**2 + 19*f**2 - 4. What is q(t)?
5
Let q(g) = 8*g**3 - 6*g**2 - 5*g + 5. Let x(d) = -7*d**3 + 5*d**2 + 5*d - 4. Let c(k) = -6*q(k) - 7*x(k). Suppose -24 = -5*p - 39. Determine c(p).
-5
Suppose m - 1 = -2. Let q(j) be the first derivative of j**6/90 + j**4/24 + j**3/3 + 1. Let h(b) be the third derivative of q(b). Calculate h(m).
5
Let m(n) = -n**2 - 3*n - 2. Let x(s) = -2*s**2 - 3*s - 4. Let g be x(-3). Let q(d) = d**2 + 13*d - 2. Let l be q(g). What is m(l)?
0
Let i(u) = 1. Let o(k) = -k**2 + 4*k - 8. Let a(m) = 3*i(m) + o(m). Give a(5).
-10
Let o(t) = -4*t + 8. Suppose d = -2*f - f + 19, -4*f = -4*d - 20. Give o(f).
-16
Let o be 4 - -4*(-5)/(-10). Let w(a) = -a**2 + 5*a - 8. Determine w(o).
-14
Suppose 0 = -s + f - 5*f + 10, 0 = -4*f + 20. Let c(b) = -b**3 - 9*b**2 + 10*b - 1. Calculate c(s).
-1
Let n(v) = v**3 + 4*v**2 - v. Let p be n(-4). Let g(w) = 2*w - 2*w + 3*w - 5*w + w**2. Give g(p).
8
Let y(m) = -6*m + 1. Let w be (1/(-1))/(7 + 7 + -15). Calculate y(w).
-5
Suppose 17*m - 126 = -4*m. Let l(a) be the first derivative of -m*a + 4 - 1/3*a**3 + 7/2*a**2. What is l(4)?
6
Suppose 0 = -2*v - 2*v. Let j(w) be the first derivative of 1 + 0*w**2 - 1/3*w**3 - w. Give j(v).
-1
Let x(d) = 3*d + 3. Suppose h - 9 = 4*h. Let q be (-1 - h)/((-8)/12). Calculate x(q).
-6
Let m(a) = 2*a - 4. Let p(y) = 15*y - 33. Let f(l) = -33*m(l) + 4*p(l). Let b = -25 - -24. Calculate f(b).
6
Let p(o) = -o**2 - 7*o - 3. Suppose -5*k - 8 = 12. What is p(k)?
9
Let a(x) = 2 + 0 + 1 + 0*x + 3*x. Determine a(3).
12
Let a(y) be the first derivative of -y**3/3 + 3*y**2 - 3*y + 1. Let x be -2 + 5 - 0 - -1. Give a(x).
5
Suppose 5*q - 10 = -3*b + 34, 0 = -3*q + 2*b + 15. Let x(c) = -c + 8. Let d be x(q). Let k(o) = 4*o - 5*o + 0*o + 2*o**2. Give k(d).
1
Suppose 3*x - g + 6 = 0, -2*x - x = -3*g. Let d(c) = -c**2 - 5*c - 1. Determine d(x).
5
Let b(z) = 7*z**3 + 2*z**2 - 1. Let j(r) = -r - 2. Suppose -3*c + 3*p - 8 = -2, 2*c + 8 = -2*p. Let k be j(c). Give b(k).
8
Let i(b) = 2 + 1 - 3*b + 2*b**2 + 4*b + 3*b**2. Let h(v) = -4*v**2 - v - 4. Let y(l) = -4*h(l) - 3*i(l). Give y(0).
7
Let h(z) = -5*z**2 - 6 + 2*z**2 - 6*z + z**3 - 2*z - 4*z**2. Calculate h(8).
-6
Let l(c) = -c**2 + 4*c + 4. Let z(t) = -2*t + 7. Let u be z(0). Let s be (u - 2) + (1 - 1). Give l(s).
-1
Suppose 0 = -t + 4*t - 15. Suppose -t*c + 4 = -4*c. Suppose 4*a + 28 = -4*w, -31 = c*a + a + 3*w. Let j(g) = g**2 + 3*g - 2. What is j(a)?
8
Suppose 2*f + f = -3. Let h(a) be the first derivative of -8*a**3/3 - a + 3. Calculate h(f).
-9
Let c(d) be the first derivative of -d**2 + 7*d + 23. What is c(5)?
-3
Suppose -5*b - 2*y - 5 = 0, -4*b - 3*y - 2 = 9. Let q(r) = -5*r + 0*r - r**2 + 4 - 4 - b. Suppose -4*x = -4*h - 4 - 0, -3*h - 31 = 4*x. Give q(h).
-1
Let z = -10 + 13. Let y(j) = -5*j + 8. Suppose 0 = k - 2 - 5. Let v(h) = 9*h - 15. Let o(f) = k*y(f) + 4*v(f). Calculate o(z).
-1
Let y(h) = 2*h - 4. Let i(p) = -p**2 - 7*p + 13. Let j(z) = -2*i(z) - 7*y(z). What is j(2)?
10
Suppose -4*i = -5*i + 2. Let m(d) = d**2 - 6*d**2 + 0*d**i - d**2. Give m(-1).
-6
Suppose 2*i + d = 1, 0*i - i = -4*d - 5. Let s(j) = j + 1. Let b(n) = -10*n - 6. Let k(r) = -b(r) - 5*s(r). Determine k(i).
6
Suppose 0 = 2*h + 2*h - 4. Let n be 32/24 + h/(-3). Let d(x) = -x**3 - x**2 + 1. What is d(n)?
-1
Let k(t) = -t - 1. Let v(s) = s**3 + 8*s**2 - 8. Let g be v(-8). Give k(g).
7
Let g(b) = -b + 3. Suppose -w - 7*t = -2*t - 27, -5*t = -3*w - 19. Calculate g(w).
1
Let x = 8 - 6. Let j(p) = 4*p + 0 - x*p + p + 1. Determine j(-3).
-8
Let l(y) = -3*y**3 + 36*y**2 + 29*y + 57. Let h(q) = -2*q**3 + 24*q**2 + 19*q + 38. Let f(w) = 7*h(w) - 5*l(w). Give f(13).
-6
Let z be (-4)/(-12) - 15/(-9). Suppose -5*q = -5*x - z + 7, 14 = -5*q - 4*x. Let t(v) = 2*v**2 - 2*v - 2. What is t(q)?
10
Let h(n) = 7*n**3 - 9*n**2 + 7*n + 2. Let w(i) = 3*i**3 - 4*i**2 + 3*i + 1. Let m(z) = 4*h(z) - 9*w(z). Give m(-2).
-11
Let z be ((-3)/(-2))/((-3)/4). Let x(s) = -s**3 - s**2 - 2. Let v be x(z). Let n(i) be the third derivative of i**5/30 - i**4/12 + 2*i**2. What is n(v)?
4
Let g(f) = 16*f**2 - 35*f - 15. Let w(k) = -3*k**2 + 7*k + 3. Let r(u) = 2*g(u) + 11*w(u). Calculate r(6).
9
Let u(h) = 6*h - 4. Let j(c) = -13*c + 7. Let b(p) = 3*j(p) + 7*u(p). Let x(q) = q**3 + q**2 + 7. Let f be x(0). Let y = 12 - f. Give b(y).
8
Let d(n) = -n**3 - 5*n**2 - 4*n - 1. Let r = -31 - -27. What is d(r)?
-1
Let z be 2/(-3*3/18). Let h(g) = -g**2 - 7*g - 6. Give h(z).
6
Let n(o) = -o**2 + o + 17. Suppose 4*f - 3*f - 6*f = 0. Give n(f).
17
Let r(u) = -u**3 - 3*u**2 - 9 + 14 + 7*u**2 + u**2 - 5*u. What is r(4)?
1
Let b(h) = 2 - 2*h - 3 + 3*h - 3*h. Let j(s) = 4*s + 3. Let x(i) = -5*b(i) - 2*j(i). Give x(-3).
-7
Let v(t) = -t**3 + 6*t**2 - 3*t + 8. Let m = -90 - -96. Calculate v(m).
-10
Let c(m) = -3. Let p(y) = -y + 6. Let i(v) = 5*c(v) + 2*p(v). Determine i(-6).
9
Let t(l) be the third derivative of 7*l**5/60 + l**4/12 - 5*l**3/6 - 3*l**2. Let s(x) = 7*x**2 + 2*x - 4. Let v(j) = -6*s(j) + 5*t(j). What is v(-1)?
-6
Let k be (0 - 1)*(-4 + 3). Let w = 3 - k.